ist the prime factors of 86098.
2, 43049
List the prime factors of 32690.
2, 5, 7, 467
What are the prime factors of 27326?
2, 13, 1051
List the prime factors of 37652.
2, 9413
List the prime factors of 16300.
2, 5, 163
List the prime factors of 53758.
2, 26879
What are the prime factors of 45867?
3, 15289
List the prime factors of 68390.
2, 5, 7, 977
What are the prime factors of 5437?
5437
What are the prime factors of 558?
2, 3, 31
List the prime factors of 4072.
2, 509
List the prime factors of 38084.
2, 9521
What are the prime factors of 658?
2, 7, 47
List the prime factors of 5793.
3, 1931
List the prime factors of 3838.
2, 19, 101
What are the prime factors of 95901?
3, 13, 2459
What are the prime factors of 1469?
13, 113
List the prime factors of 62057.
62057
List the prime factors of 26363.
41, 643
What are the prime factors of 36655?
5, 7331
What are the prime factors of 961?
31
What are the prime factors of 22168?
2, 17, 163
What are the prime factors of 3053?
43, 71
List the prime factors of 4588.
2, 31, 37
What are the prime factors of 1302?
2, 3, 7, 31
List the prime factors of 29946.
2, 3, 7, 23, 31
List the prime factors of 496.
2, 31
What are the prime factors of 997?
997
What are the prime factors of 738?
2, 3, 41
What are the prime factors of 117670?
2, 5, 7, 41
List the prime factors of 3523.
13, 271
What are the prime factors of 1263?
3, 421
What are the prime factors of 755?
5, 151
List the prime factors of 7843.
11, 23, 31
List the prime factors of 793.
13, 61
List the prime factors of 22236.
2, 3, 17, 109
List the prime factors of 6646.
2, 3323
What are the prime factors of 559?
13, 43
List the prime factors of 8486.
2, 4243
What are the prime factors of 3765?
3, 5, 251
What are the prime factors of 365?
5, 73
What are the prime factors of 3495?
3, 5, 233
List the prime factors of 51.
3, 17
List the prime factors of 1057.
7, 151
What are the prime factors of 3407?
3407
What are the prime factors of 34672?
2, 11, 197
What are the prime factors of 1870?
2, 5, 11, 17
What are the prime factors of 99284?
2, 24821
List the prime factors of 1798.
2, 29, 31
List the prime factors of 1581.
3, 17, 31
What are the prime factors of 19520?
2, 5, 61
What are the prime factors of 4268?
2, 11, 97
List the prime factors of 159247.
11, 31, 467
What are the prime factors of 5537?
7, 113
What are the prime factors of 1278?
2, 3, 71
What are the prime factors of 1714?
2, 857
What are the prime factors of 2407?
29, 83
List the prime factors of 27270.
2, 3, 5, 101
What are the prime factors of 6459?
3, 2153
List the prime factors of 794.
2, 397
What are the prime factors of 14956?
2, 3739
List the prime factors of 16612.
2, 4153
List the prime factors of 371.
7, 53
What are the prime factors of 1930?
2, 5, 193
What are the prime factors of 12097?
12097
What are the prime factors of 18272?
2, 571
What are the prime factors of 3183?
3, 1061
List the prime factors of 2492.
2, 7, 89
List the prime factors of 1090.
2, 5, 109
List the prime factors of 56981.
19, 2999
What are the prime factors of 15821?
13, 1217
What are the prime factors of 374?
2, 11, 17
List the prime factors of 28744.
2, 3593
List the prime factors of 32102.
2, 7, 2293
What are the prime factors of 27785?
5, 5557
What are the prime factors of 166667?
166667
What are the prime factors of 3037?
3037
What are the prime factors of 2530?
2, 5, 11, 23
List the prime factors of 21048.
2, 3, 877
List the prime factors of 11964.
2, 3, 997
What are the prime factors of 19876?
2, 4969
List the prime factors of 1593.
3, 59
What are the prime factors of 1015?
5, 7, 29
What are the prime factors of 6211?
6211
What are the prime factors of 5413?
5413
What are the prime factors of 86855?
5, 29, 599
List the prime factors of 75.
3, 5
List the prime factors of 4489.
67
List the prime factors of 23030.
2, 5, 7, 47
List the prime factors of 72.
2, 3
List the prime factors of 12645.
3, 5, 281
What are the prime factors of 24758?
2, 12379
What are the prime factors of 554?
2, 277
List the prime factors of 1831.
1831
List the prime factors of 6743.
11, 613
What are the prime factors of 8451?
3, 313
What are the prime factors of 20239?
37, 547
List the prime factors of 5057.
13, 389
What are the prime factors of 1184?
2, 37
List the prime factors of 17243.
43, 401
What are the prime factors of 74263?
7, 103
What are the prime factors of 88098?
2, 3, 14683
List the prime factors of 643.
643
List the prime factors of 7461.
3, 829
List the prime factors of 2070.
2, 3, 5, 23
What are the prime factors of 133818?
2, 3, 22303
What are the prime factors of 713?
23, 31
What are the prime factors of 1001?
7, 11, 13
List the prime factors of 11458.
2, 17, 337
What are the prime factors of 4966?
2, 13, 191
List the prime factors of 1539.
3, 19
What are the prime factors of 121079?
7, 353
List the prime factors of 57046.
2, 11, 2593
List the prime factors of 47298.
2, 3, 7883
List the prime factors of 24892.
2, 7, 127
List the prime factors of 12186.
2, 3, 677
List the prime factors of 3288.
2, 3, 137
List the prime factors of 9806.
2, 4903
What are the prime factors of 26339?
26339
What are the prime factors of 3888?
2, 3
List the prime factors of 2288.
2, 11, 13
What are the prime factors of 201?
3, 67
What are the prime factors of 4099?
4099
List the prime factors of 246.
2, 3, 41
List the prime factors of 729.
3
List the prime factors of 772.
2, 193
What are the prime factors of 355?
5, 71
What are the prime factors of 25866?
2, 3, 479
What are the prime factors of 9321?
3, 13, 239
What are the prime factors of 5995?
5, 11, 109
List the prime factors of 701.
701
List the prime factors of 30077.
19, 1583
List the prime factors of 2437.
2437
List the prime factors of 4558.
2, 43, 53
What are the prime factors of 9876?
2, 3, 823
List the prime factors of 19838.
2, 7, 13, 109
List the prime factors of 2207.
2207
List the prime factors of 906.
2, 3, 151
List the prime factors of 18453.
3, 6151
List the prime factors of 74.
2, 37
What are the prime factors of 159542?
2, 241, 331
What are the prime factors of 76189?
61, 1249
What are the prime factors of 6304?
2, 197
What are the prime factors of 768?
2, 3
What are the prime factors of 15927?
3, 5309
List the prime factors of 2051.
7, 293
List the prime factors of 7171.
71, 101
What are the prime factors of 30250?
2, 5, 11
What are the prime factors of 897?
3, 13, 23
What are the prime factors of 1767?
3, 19, 31
What are the prime factors of 39?
3, 13
List the prime factors of 2789.
2789
What are the prime factors of 7565?
5, 17, 89
What are the prime factors of 13503?
3, 7, 643
What are the prime factors of 41425?
5, 1657
What are the prime factors of 3906?
2, 3, 7, 31
List the prime factors of 632.
2, 79
What are the prime factors of 10840?
2, 5, 271
What are the prime factors of 15581?
15581
What are the prime factors of 506?
2, 11, 23
List the prime factors of 274.
2, 137
List the prime factors of 628.
2, 157
List the prime factors of 8381.
17, 29
List the prime factors of 50774.
2, 53, 479
List the prime factors of 3706.
2, 17, 109
List the prime factors of 17114.
2, 43, 199
List the prime factors of 59337.
3, 19, 347
List the prime factors of 809.
809
List the prime factors of 24292.
2, 6073
What are the prime factors of 219?
3, 73
List the prime factors of 24731.
7, 3533
List the prime factors of 15215.
5, 17, 179
What are the prime factors of 5287?
17, 311
What are the prime factors of 1575?
3, 5, 7
List the prime factors of 15818.
2, 11, 719
What are the prime factors of 1393?
7, 199
What are the prime factors of 1468?
2, 367
What are the prime factors of 530?
2, 5, 53
What are the prime factors of 1517?
37, 41
List the prime factors of 4060.
2, 5, 7, 29
List the prime factors of 56740.
2, 5, 2837
What are the prime factors of 13436?
2, 3359
What are the prime factors of 9191?
7, 13, 101
What are the prime factors of 2528?
2, 79
List the prime factors of 8378.
2, 59, 71
What are the prime factors of 1878?
2, 3, 313
What are the prime factors of 119194?
2, 61, 977
List the prime factors of 3120.
2, 3, 5, 13
What are the prime factors of 1245?
3, 5, 83
List the prime factors of 4176.
2, 3, 29
What are the prime factors of 17914?
2, 13, 53
List the prime